ctors of r.
409
Let a(l) = -48*l - 56. Let p(h) = 19*h + 22. Let o(v) = -5*a(v) - 12*p(v). What are the prime factors of o(24)?
2, 19
List the prime factors of 42/(-49) + 207802/49.
2, 5, 53
Let x = -53 + 53. Suppose 5*t = -4*n + 27 - 83, t - n + 4 = x. List the prime factors of ((-22)/6)/(-1 + t/(-9)).
3, 11
Let t(h) = 84*h + 1017. Let d be t(-12). Suppose -317 = -4*f - 53. Suppose d*l - 255 = -f. What are the prime factors of l?
3, 7
Let u(v) = 15*v - 17. Let j(n) = -23*n + 25. Let s(y) = 5*j(y) + 7*u(y). Let g be s(3). Let i = g + 29. List the prime factors of i.
5
What are the prime factors of -9 - 4380/(-14 + 10)?
2, 3, 181
Let a(r) = -2*r - 34. Let n(q) = -4*q - 67. Let w(b) = -7*a(b) + 3*n(b). Let j be w(-16). Let d(x) = -2*x**2 + 9*x + 14. List the prime factors of d(j).
3
Suppose -28*x + 19*x = 9. Let s be (-5 + 96/18)/(x/(-15)). Suppose -4*i + 5*m + 276 = 0, s*m - 14 + 34 = 0. List the prime factors of i.
2
Let a be (-6)/9 + 82/6. Suppose -a*w = -16*w + 549. Suppose -j = -4*r - 43, 5*j - 2*r - 2*r = w. What are the prime factors of j?
5, 7
Let y(j) = -13*j**2 + 13 - 3423*j + 3411*j + 6 + j**3. Let o be ((-224)/(-40))/(4/10). List the prime factors of y(o).
47
Suppose 97*s - 65*s = 98464. What are the prime factors of s?
17, 181
Let z = 940 - 561. Suppose 2*g + 2*g + 1151 = 3*a, g = -a + z. List the prime factors of a.
3, 127
Let f be -5 - ((-1855 - -23) + 6 + -1). Let t = 3361 - f. List the prime factors of t.
3, 19
Suppose 0 = 7*c - 9 - 12. Suppose -x + 6*x - 5*j = 830, -c*j + 6 = 0. List the prime factors of x.
2, 3, 7
Suppose -64*f + 2530686 = 132158. What are the prime factors of f?
11, 3407
Let u = 17 + -13. Suppose k = -2*d - 35, k + 3*k = u. Let q = 20 + d. List the prime factors of q.
2
Let y = -1513 + 4558. List the prime factors of y.
3, 5, 7, 29
Suppose -2*o + 92 = -5*o - 2*u, 120 = -4*o - 4*u. Let v = -14 - o. What are the prime factors of 8/v*30 - (-4)/6?
2, 7
Suppose m = k - 3*m, -3*k - 5*m + 34 = 0. Let h(c) = 8*c + 20. Let j be h(k). Suppose -5*b + 2*f + 427 = -f, 0 = b - 2*f - j. What are the prime factors of b?
2, 43
Let w = 51 + -54. Let n be 268/(-8)*2 - w. Let m = n - -158. What are the prime factors of m?
2, 47
Let f = -1546 + 3121. Suppose -3*h + 1146 = -f. What are the prime factors of h?
907
Let n = -46 - -46. Suppose n = -3*g + 4 - 16, -5*i - 8 = 2*g. Suppose 0*w + 4*w - 300 = i. List the prime factors of w.
3, 5
Let x = 62 - 60. Suppose 0 = -x*w + 4*w - 546. Let o = w + -187. List the prime factors of o.
2, 43
Suppose -19*v - 210 = -9*v. List the prime factors of (0 - 483/(-3)) + v/7.
2, 79
Let a be -4*(4 + (-118)/8). Suppose -a = -z + 402. What are the prime factors of z?
5, 89
Suppose 3*z + z = -25*z + 42166. List the prime factors of z.
2, 727
Suppose -5*t = 4*y - 2225, 2220 = 5*t - 2*y + 5*y. What are the prime factors of t?
3, 7
Let f(u) = -14*u + 37. Let z be f(6). Let x = 20 - z. Suppose -x*a + 69*a = 296. What are the prime factors of a?
2, 37
Let f(c) = c**2 + 111*c - 6612. List the prime factors of f(94).
2, 6329
Let r be ((-28)/10)/(10/150). Let f be -2 + 3 + -2 + 85. What are the prime factors of (36/r)/((-9)/f)?
2
Let z(r) = -30*r - 2. Let m be z(-2). Let p = 56 - m. List the prime factors of p/15 + (-8932)/(-165).
2, 3
Let c(i) = -2702*i**3 - 2*i**2 - 30*i - 29. What are the prime factors of c(-1)?
37, 73
List the prime factors of ((-4)/(-6))/(6/(-9))*-22322.
2, 11161
List the prime factors of 10/(-2 - -3) + 10639.
23, 463
Suppose -3*l + 15 = 3. Let m(t) = 10*t - t**2 + 4943 - 4955 - 2*t. What are the prime factors of m(l)?
2
What are the prime factors of (60 - (-238)/(-4))/((-2)/(-40779 + -1))?
5, 2039
What are the prime factors of -52362*((-12)/2)/(11/1 - 7)?
3, 2909
List the prime factors of (-7)/28 - (-3 - -3 - (-238164)/(-16)).
5, 13, 229
Let s be 3*5/(-2)*-1*6. What are the prime factors of 10/s - 13276/(-36)?
3, 41
Let b(h) = -57 + 31*h + 4 - 49*h. What are the prime factors of b(-39)?
11, 59
Let b = -386 + 430. List the prime factors of b/((-8)/(-7)*4/48).
2, 3, 7, 11
Suppose 23*x + 3769 = p + 27*x, -5*p + 2*x + 18823 = 0. What are the prime factors of p?
3, 5, 251
Suppose -4*i + 33810 = 3*f, -5*f - 95*i = -92*i - 56328. List the prime factors of f.
2, 3, 1877
Let m = 83 + -77. Suppose -1264 = -4*z + 3*l, 0 = -z + m*l - 4*l + 316. Suppose z = 5*w + h, 2*h - 180 = -3*w - h. List the prime factors of w.
2
Let j(f) = -165*f**3 - f**2 - 10*f - 22. Let w be j(-2). Let u = w + 132. List the prime factors of u.
2, 3, 241
Let v = 79 + 269. Let g = v + -336. What are the prime factors of g?
2, 3
Let g(m) = 2*m - 5. Let n be g(5). Suppose 35 = 3*f - n*r, f - 2*r = 3*r + 25. Suppose -5*w - f*l = -320, -2*l - 5 = -13. What are the prime factors of w?
2, 3, 5
List the prime factors of (3/18)/(10/(-30)) + (-67371)/(-6).
2, 7, 401
Suppose 4*d - 2*d = 74. List the prime factors of d - (1/(-4) + (-21)/12).
3, 13
Let v(i) = i - 6. Let w be v(6). Suppose -12*o + w = 12. What are the prime factors of 4 + 265 + o + -1?
3, 89
Let l be 4/46 - (-12948)/276. Suppose -3*m = -l - 85. List the prime factors of m.
2, 11
Suppose -4*z - 624 = -3184. Let g = z - 343. List the prime factors of g.
3, 11
Suppose 5017 + 399 = 8*y. Suppose -m + y - 5 = 0. What are the prime factors of m?
2, 3, 7
Suppose 2905 = m - 3*l, -4*m + m + 8715 = -5*l. List the prime factors of m.
5, 7, 83
Let p(v) = 228*v + 990. List the prime factors of p(30).
2, 3, 5, 29
Suppose 0 = -3*n + 5*p - 50 - 23, -3*n = 4*p + 28. List the prime factors of 1262/8 + (-4)/n.
2, 79
Let l(x) = -x. Let i(d) = -20*d - 29. Let m(r) = i(r) + 2*l(r). Let u be m(-5). Suppose u = k + q, 6*k - 3*q - 167 = 4*k. What are the prime factors of k?
2, 41
Let z(r) = 486*r**2 + 3*r + 31. List the prime factors of z(-5).
2, 7, 11, 79
Let r be (1 + (-2)/4)/((-1)/2). Let v be (r + -12)*(-2 + (5 - 4)). Let i(a) = -a**3 + 13*a**2 + 8*a - 7. What are the prime factors of i(v)?
97
Let b = -49420 + 92295. What are the prime factors of b?
5, 7
Let w(s) = s**3 + 9*s**2 - 17*s - 45. Let p(u) = -u**2 - u - 2. Let h(v) = -2*p(v) + w(v). What are the prime factors of h(-8)?
271
Suppose 0 = 238*w - 201*w - 335590. List the prime factors of w.
2, 5, 907
List the prime factors of -37 + 27 + -8 + 61333.
5, 12263
Let y be 6178 + (3 - 2 - (7 - 5)). Suppose -2*k - 2*g + 965 = -3149, -3*k - 5*g + y = 0. What are the prime factors of k?
2, 13, 79
Let p(q) = 26*q + 3. Let v be p(6). Suppose -100 = j - 11*u + 9*u, -j - 2*u - 88 = 0. Let r = j + v. List the prime factors of r.
5, 13
Suppose -230*f = -235*f - 3*v + 143656, -4*v - 114880 = -4*f. List the prime factors of f.
23, 1249
Let h = 18428 + -8427. List the prime factors of h.
73, 137
Let c(k) = 58*k**2 - 313*k - 7285. What are the prime factors of c(-23)?
2, 7649
Let f = 243 - 142. Let j = 107 - f. What are the prime factors of (j - -2)/4*152?
2, 19
Let h = 746 - -7473. What are the prime factors of h?
8219
Let w = -104 + 40. What are the prime factors of 8/(w/24) - -1439?
2, 359
Suppose -16*u + 20920 = 2616. Suppose -u*k = -1153*k + 9720. What are the prime factors of k?
2, 3, 5
Suppose 252 = -10*k + 4*k. Let p = k + 37. List the prime factors of (12 - 2)/((-3 - p)/6).
2, 3, 5
Suppose 9078 = -84*x + 90*x. Suppose -2180 = -5*v - d + 345, -3*v - d = -x. List the prime factors of v.
2, 11, 23
Let o = -3396 + 5268. What are the prime factors of o?
2, 3, 13
Let c = -43 - -45. Let v(m) = m + 1. Let w be v(c). Suppose 0 = w*f - 68 - 133. What are the prime factors of f?
67
Let a(o) = 4*o**2 + 3*o - 4. Let x be a(-3). Let z = 1324 - 1228. Let p = z + x. List the prime factors of p.
7, 17
Let a = 24 + -46. Suppose -66*t = -74*t + 416. Let p = a + t. What are the prime factors of p?
2, 3, 5
Suppose 2*y - 3*y = -1, -4*r - 867 = y. Let p(h) = -h**2 + 16*h - 49. Let w be p(9). Let t = w - r. List the prime factors of t.
3, 7, 11
Let w(b) = 54*b + 3*b**3 - 1 - 26*b - 30*b - b**2. Let y be w(-1). What are the prime factors of 29 + 0*(-1)/y?
29
What are the prime factors of (((-6182)/(-4))/(-11))/((-26)/1404)?
3, 281
Let k(j) = -21*j**2 - 2*j - 2. Let z be k(-1). Let x(o) = o**2 + 20*o - 57. Let w be x(z). Let q = w - -196. List the prime factors of q.
2, 5
Let q be (6 - -6)*10*1. Suppose 0 = j + 3*h - q - 185, -5*h = 0. Suppose 5*w - j = 3*f, 0*f - 244 